{"version":"1.0","provider_name":"Nagymami 2","provider_url":"https:\/\/animama.cafeblog.hu","author_name":"animama","author_url":"https:\/\/animama.cafeblog.hu\/author\/animama-2-2\/","title":"Vas\u00e1rnapi napom","html":"<P><SPAN style=\"FONT-FAMILY: Arial; COLOR: #003300; FONT-SIZE: 13px\">&nbsp;Ism\u00e9t esik a h\u00f3 \u00e9s p\u00f6r\u00f6g a g\u00e1z\u00f3ra! <\/SPAN><\/P>\r\n<P><SPAN style=\"FONT-FAMILY: Arial; COLOR: #003300; FONT-SIZE: 13px\">&nbsp; Tegnap az\u00e9rt j\u00f3, hogy s\u00e9t\u00e1ltunk egy k\u00f6rt a szomsz\u00e9d asszonyommal! J\u00f3l elbesz\u00e9lgett\u00fcnk. Abban a f\u00e9l\u00f3r\u00e1ban lelkileg \u00e9s fizikailag is felfriss\u00fclt\u00fcnk. Mindez ingyen! Csak becs\u00f6ngettem hozz\u00e1, r\u00e1ad\u00e1sul d\u00e9lben, mert \u00e9n ev\u00e9s el\u0151tt szeretek a naps\u00fct\u00e9sben s\u00e9t\u00e1lni. A \"D\" vitamin miatt is fontos, mivel nem szedek semmilyen csontritkul\u00e1s elleni gy\u00f3gyszert \u00e9s m\u00e1s k\u00fcty\u00fct. A s\u00e9ta alatt elmondtuk egym\u00e1snak b\u00fankat- bajunkat. Most neki siker\u00fclt begy\u0171jteni egy p\u00e1rat. K\u00e9s\u0151 d\u00e9lut\u00e1n azt\u00e1n s\u00fct\u00f6ttem palacsint\u00e1t \u00e9s vittem nekik, amit mosolyogva fogadott. \u00c9n meg ezekt\u0151l \u00e9rzem j\u00f3l magam! <\/SPAN><\/P>\r\n<P><SPAN style=\"FONT-FAMILY: Arial; COLOR: #003300; FONT-SIZE: 13px\">Neki\u00e1lltam Mesike kardig\u00e1nj\u00e1t k\u00f6tni tov\u00e1bb. K\u00e9s\u0151 estig azt csin\u00e1ltam, mik\u00f6zben a TV m\u0171sort is pr\u00f3b\u00e1ltam eltal\u00e1lni, de a t\u00e1vir\u00e1ny\u00edt\u00f3 nyomkod\u00e1s\u00e1n k\u00edv\u00fcl nem tal\u00e1ltam semmi eml\u00edthet\u0151t. Szeretem a t\u00f6rt\u00e9nelmi t\u00e1rgy\u00fa filmeket \u00e9s a csal\u00e1dt\u00f6rt\u00e9neteket. Belen\u00e9ztem a Cseh Tam\u00e1s eml\u00e9km\u0171sorba is, amit nagyra \u00e9rt\u00e9kelek, de sok\u00e1ig nem n\u00e9zem, mert a saj\u00e1t korom \u00e9s t\u00f6rt\u00e9neteim! Nem kikapcsol\u00f3dok, hanem be! <\/SPAN><\/P>","type":"rich"}

Vasárnapi napom

<P><SPAN style="FONT-FAMILY: Arial; COLOR: #003300; FONT-SIZE: 13px">&nbsp;Ismét esik a hó és pörög a gázóra! </SPAN></P>
<P><SPAN style="FONT-FAMILY: Arial; COLOR: #003300; FONT-SIZE: 13px">&nbsp; Tegnap azért jó, hogy sétáltunk egy kört a szomszéd asszonyommal! Jól elbeszélgettünk. Abban a félórában lelkileg és fizikailag is felfrissültünk. Mindez ingyen! Csak becsöngettem hozzá, ráadásul délben, mert én evés előtt szeretek a napsütésben sétálni. A "D" vitamin miatt is fontos, mivel nem szedek semmilyen csontritkulás elleni gyógyszert és más kütyüt. A séta alatt elmondtuk egymásnak búnkat- bajunkat. Most neki sikerült begyűjteni egy párat. Késő délután aztán sütöttem palacsintát és vittem nekik, amit mosolyogva fogadott. Én meg ezektől érzem jól magam! </SPAN></P>
<P><SPAN style="FONT-FAMILY: Arial; COLOR: #003300; FONT-SIZE: 13px">Nekiálltam Mesike kardigánját kötni tovább. Késő estig azt csináltam, miközben a TV műsort is próbáltam eltalálni, de a távirányító nyomkodásán kívül nem találtam semmi említhetőt. Szeretem a történelmi tárgyú filmeket és a családtörténeteket. Belenéztem a Cseh Tamás emlékműsorba is, amit nagyra értékelek, de sokáig nem nézem, mert a saját korom és történeteim! Nem kikapcsolódok, hanem be! </SPAN></P>
